. Let b be y(v). Calculate the greatest common factor of 5 and b.
5
Let r be (2/(-6) + 1)*-21. Let v = -9 - r. Suppose -v*k - x + 60 = -3*x, 4*k - 5*x = 65. Calculate the highest common divisor of 5 and k.
5
Let w be ((-5)/3)/((-2)/24). Suppose -3 = -q, -5*q = 2*s - 6*q - 117. Calculate the highest common factor of w and s.
20
Suppose -2*t = -4*f - 6*t, 0 = -2*f - 4*t - 6. Suppose -49 = -3*d + 2*j, f*j - 100 = -4*d - 29. Calculate the highest common divisor of 51 and d.
17
Let k(d) = d**3 + 6*d**2 - 13*d - 4. Let z be k(-6). Calculate the highest common divisor of 1702 and z.
74
Let u be (-585)/6*36/(-15). Let o be ((-46)/115)/(2/(-130)). What is the highest common factor of o and u?
26
Let v(d) = d + 2. Let i be v(-2). Suppose -h = 2, -5*t + i*h + 72 = -h. Calculate the highest common factor of t and 98.
14
Let g be (-13)/4 + 3 - 1/(-4). Suppose g = -0*z + 4*z - 40. Suppose 4*u - 39 = 1. Calculate the greatest common factor of z and u.
10
Suppose -3*z = 3 - 21. Suppose -z*c - 5 = -7*c. Let o(v) = 2*v**2 - 5*v - 7. Let q be o(c). What is the highest common divisor of 27 and q?
9
Suppose -k - 4*k + a = -413, 4*a - 8 = 0. Let y = k - 68. Calculate the greatest common divisor of 135 and y.
15
Let z be (-4 + 3)/(8/(-280)). Suppose 0 = o - 3*o + 2, 5*t + 4*o = 39. What is the greatest common factor of t and z?
7
Suppose -36 = -7*k + k. Let d be (1 + 2)/k - 83/(-2). What is the highest common divisor of 21 and d?
21
Suppose -3*t + 1 + 8 = 0. Suppose -2*q - t*r = -113, 231 - 62 = 3*q + 4*r. What is the greatest common factor of q and 11?
11
Let p = 19 - 16. Suppose -4 = l - p*y, -4*l = -l + 5*y + 12. Let g be -5*l/(-6)*-3. Calculate the greatest common factor of 20 and g.
10
Let r = 28 + -25. Suppose -4*o - r*n + 390 = 0, -o + 109 - 14 = 2*n. What is the highest common divisor of 11 and o?
11
Suppose -5*u = -0*u - 2315. Suppose u = 4*k + 71. Let l(y) = 5*y**3 - 6*y**2 - 2. Let s be l(2). Calculate the highest common divisor of k and s.
14
Let c(h) = h**3 + 3*h**2 + 4*h + 5. Let i be c(-2). Let f be i - (-3 + -1) - -1. What is the highest common divisor of f and 42?
6
Let a(r) = -2*r + 32. Let w be a(8). Let u = 8 + w. Calculate the greatest common divisor of u and 12.
12
Let h(n) = -12*n**2 - 458*n - 47. Let t be h(-38). Calculate the greatest common factor of t and 609.
29
Let r = 145 + -117. What is the highest common factor of r and 28?
28
Let g(p) be the first derivative of p**4/4 + 6*p**3 + 6*p**2 - 25*p - 9. Let n be g(-17). Let x = -40 + n. What is the greatest common divisor of x and 5?
5
Suppose 32*a - 48 = 26*a. What is the greatest common factor of a and 1?
1
Suppose -b - 38 = i, 4*b + 137 = -3*i + 2*i. Let s be (-435)/b + 2 + (-48)/22. What is the greatest common divisor of 117 and s?
13
Let z = 9 - -4. Let d be (-13 + z)*(-1)/3. Suppose 3*q + 2*t - 96 = d, -t - 117 = 3*q - 7*q. Calculate the highest common divisor of 12 and q.
6
Suppose 4*j + 20 = 0, 0*y + 5*j + 21 = -2*y. Suppose 0 = -2*s + y*d + 4, d = -0*d + 2. What is the highest common factor of s and 6?
2
Let b be ((-1)/(-2))/(4/8). Let j be b/(-2)*12/(-1). Calculate the greatest common factor of j and 48.
6
Let w be (-3)/(3/(-102)*3). Let b = 331 - 246. What is the highest common divisor of w and b?
17
Let u = 15 + -6. What is the highest common factor of 72 and u?
9
Let a be (-800)/(-6)*48/20. Suppose 7*t = 12*t - a. Calculate the greatest common factor of t and 8.
8
Let g(o) = -2*o**2 + 32*o - 38. Suppose -4*a + 26 = -26. Let v be g(a). Calculate the greatest common factor of v and 5.
5
Let b be ((-12)/(-4) - 3)/(-2). Suppose -34*f + 31*f + 30 = b. What is the greatest common factor of f and 50?
10
Suppose -2*k + 6*k = -16. Let b be (-5268)/(-66) - 1/22*k. Calculate the greatest common factor of 10 and b.
10
Let k be 1*20*(-56)/(-20). Calculate the highest common divisor of k and 72.
8
Let r(x) = x**2 + 3*x - 4. Let u be r(4). Suppose 4*s - 2*s = u. Suppose 9*b + 180 = s*b. What is the greatest common divisor of b and 24?
12
Let z = -43 + 31. Let m be (1/3 - 1)/(z/630). What is the highest common factor of m and 5?
5
Let y(u) = -5*u - 9. Let l be y(-4). Let m = l - 22. Let n = 26 + m. Calculate the greatest common divisor of n and 165.
15
Suppose 1311 = f - 0*f. Suppose 0 = 7*x + 128 - f. What is the highest common divisor of x and 13?
13
Suppose -414*y = -415*y + 8. Calculate the highest common divisor of y and 56.
8
Suppose 4*k + 5 = 21. Let y(j) = -j**3 + 7*j**2 - 7*j + 1. Let i be y(5). What is the greatest common factor of i and k?
4
Suppose 3*n = -3*a + 81, 112 = 5*n - 5*a - 3. What is the greatest common divisor of n and 350?
25
Let k(j) = -29*j - 1. Let w be k(-6). Let n = -83 + w. What is the highest common divisor of n and 18?
18
Suppose 5*p = 2*y - 417, 1156 = 5*y - 5*p + 91. What is the highest common factor of 756 and y?
108
Let c = 191 + -182. Calculate the highest common divisor of 324 and c.
9
Suppose -6*m + m = 3*j - 168, -j - 5*m + 56 = 0. Suppose 64 = 3*i + 22. What is the greatest common divisor of i and j?
14
Let w(i) = 52*i**2 + 4*i - 2. Suppose p = 5*p - 4. Let u be w(p). What is the greatest common factor of u and 54?
54
Suppose 1 = 4*q - 15. Suppose q*r + 2 = -6, r + 7 = -u. Let t be (-3 + 5)*(-4 - u). Calculate the greatest common factor of t and 6.
2
Let m(u) = 3*u**2 + 7*u + 5. Suppose 0 = 2*k + 2*y + 12, -k - 7*y + 3*y = 12. Let w be m(k). What is the greatest common divisor of w and 10?
5
Let u(l) = 181*l**2 - 18*l - 17. Let p be u(-1). Calculate the greatest common divisor of p and 14.
14
Let s = -768 + 807. What is the highest common divisor of s and 52?
13
Let f be 15004/434 + 6/14. What is the greatest common divisor of 119 and f?
7
Suppose v - 2*o = 6, -3*v + 6*v = -4*o + 18. Let i be 301/(-5) - v/(-30). Let l = i + 96. Calculate the greatest common divisor of 54 and l.
18
Let t be 248/24 + 2/3. Let b = 0 + t. Let d(h) = 4*h**2 - 4*h - 3. Let l be d(5). Calculate the highest common divisor of b and l.
11
Suppose 6*a - 312 = 144. Calculate the greatest common factor of 4 and a.
4
Let o be 1/(-1) + 2 + 17. Let g be 2/6 - (-210)/o. Let p be (18/g)/((-1)/(-14)). Calculate the highest common factor of 42 and p.
21
Let f be 623/2 - (-4)/8. Let d(x) = -4*x - 1. Let u be d(-10). Calculate the highest common divisor of u and f.
39
Suppose 456 = 4*g + 4*a, -3*a + 232 = 6*g - 4*g. What is the greatest common factor of 50 and g?
10
Suppose -33 = -2*b - 5*l, 3*b + 4*l + 12 = 44. Suppose -i + 40 = b*i. What is the greatest common factor of i and 32?
8
Let a(r) = r**3 - 40*r**2 - 126*r - 58. Let g be a(43). Calculate the highest common divisor of 923 and g.
71
Let u be (-1810)/(-20) + 2/(-4). Suppose 0 = 2*p - 2 - 58. Calculate the greatest common divisor of u and p.
30
Let z = -207 + 359. Let q = -31 - -8. Let h be 3*20/(-15) - q. What is the highest common divisor of h and z?
19
Suppose 2*h + 64 = -2*v, -2*v = -37*h + 40*h + 63. Let t = 49 - 72. Let d = t - v. What is the highest common divisor of d and 80?
10
Let y be 6/(-27) - (-9)/((-486)/(-7464)). What is the greatest common divisor of 184 and y?
46
Suppose -13*d = 2*u - 12*d - 174, 0 = 5*u - 4*d - 422. Let c be (-859)/(-4) - 1/(-4). What is the greatest common divisor of u and c?
43
Let h = 576 - 552. What is the highest common divisor of h and 108?
12
Let k(r) = 2*r**2 - 14. Let m be k(-5). What is the greatest common factor of m and 312?
12
Let o = 48 - 188. Let j = o - -239. What is the greatest common divisor of 9 and j?
9
Suppose -78*h + 92510 = -23*h. What is the highest common divisor of h and 58?
58
Suppose -2*d = 5*c - 57, 4*d + 19 + 10 = 3*c. Let u be c + -9 - (0 - 24). Calculate the highest common factor of u and 208.
26
Let k be (6/54*78)/((-4)/(-66)). What is the greatest common divisor of 44 and k?
11
Let f = 19 - 31. Let j = 28 + f. Let w(h) = -h + 7. Let c be w(-9). What is the highest common divisor of c and j?
16
Let f = 56 - 29. Let o be 5 + 3 + -5 - -3. Let q = 9 - o. What is the greatest common factor of f and q?
3
Let x = 260 - 150. Suppose i = -5*i + 66. Calculate the greatest common divisor of i and x.
11
Suppose -2*u + a = 3*a - 148, u - 80 = 2*a. Calculate the greatest common divisor of 19 and u.
19
Suppose -5*z = d - 99, -21*d - 25 = -z - 16*d. What is the highest common